{"id":486,"date":"2021-03-24T16:35:56","date_gmt":"2021-03-24T16:35:56","guid":{"rendered":"https:\/\/bridge424.qodeinteractive.com\/?page_id=486"},"modified":"2025-03-27T08:21:30","modified_gmt":"2025-03-27T08:21:30","slug":"cleaning-services","status":"publish","type":"page","link":"http:\/\/www.leppaluodonvenekerho.fi\/index.php\/cleaning-services\/","title":{"rendered":"J\u00e4senyys"},"content":{"rendered":"\t\t<div data-elementor-type=\"wp-page\" data-elementor-id=\"486\" class=\"elementor elementor-486\">\n\t\t\t\t\t\t<section class=\"elementor-section elementor-top-section elementor-element elementor-element-5e7f387 elementor-section-full_width elementor-section-height-default elementor-section-height-default parallax_section_no qode_elementor_container_no\" data-id=\"5e7f387\" data-element_type=\"section\" data-settings=\"{&quot;background_background&quot;:&quot;classic&quot;}\">\n\t\t\t\t\t\t<div class=\"elementor-container elementor-column-gap-default\">\n\t\t\t\t\t<div class=\"elementor-column elementor-col-100 elementor-top-column elementor-element elementor-element-38a89598\" data-id=\"38a89598\" data-element_type=\"column\">\n\t\t\t<div class=\"elementor-widget-wrap elementor-element-populated\">\n\t\t\t\t\t\t<section class=\"elementor-section elementor-inner-section elementor-element elementor-element-0c77663 elementor-section-full_width elementor-section-height-default elementor-section-height-default parallax_section_no qode_elementor_container_no\" data-id=\"0c77663\" data-element_type=\"section\">\n\t\t\t\t\t\t<div class=\"elementor-container elementor-column-gap-default\">\n\t\t\t\t\t<div class=\"elementor-column elementor-col-50 elementor-inner-column elementor-element elementor-element-6b64c41\" data-id=\"6b64c41\" data-element_type=\"column\">\n\t\t\t<div class=\"elementor-widget-wrap elementor-element-populated\">\n\t\t\t\t\t\t<div class=\"elementor-element elementor-element-caed435 elementor-widget elementor-widget-image\" data-id=\"caed435\" data-element_type=\"widget\" data-widget_type=\"image.default\">\n\t\t\t\t<div class=\"elementor-widget-container\">\n\t\t\t\t\t\t\t\t\t\t\t\t\t\t\t<img fetchpriority=\"high\" decoding=\"async\" width=\"2560\" height=\"1707\" src=\"http:\/\/www.leppaluodonvenekerho.fi\/wp-content\/uploads\/2024\/01\/pexels-pixabay-275637-scaled.jpg\" class=\"attachment-full size-full wp-image-699\" alt=\"\" srcset=\"http:\/\/www.leppaluodonvenekerho.fi\/wp-content\/uploads\/2024\/01\/pexels-pixabay-275637-scaled.jpg 2560w, http:\/\/www.leppaluodonvenekerho.fi\/wp-content\/uploads\/2024\/01\/pexels-pixabay-275637-300x200.jpg 300w, http:\/\/www.leppaluodonvenekerho.fi\/wp-content\/uploads\/2024\/01\/pexels-pixabay-275637-1024x683.jpg 1024w, http:\/\/www.leppaluodonvenekerho.fi\/wp-content\/uploads\/2024\/01\/pexels-pixabay-275637-768x512.jpg 768w, http:\/\/www.leppaluodonvenekerho.fi\/wp-content\/uploads\/2024\/01\/pexels-pixabay-275637-1536x1024.jpg 1536w, http:\/\/www.leppaluodonvenekerho.fi\/wp-content\/uploads\/2024\/01\/pexels-pixabay-275637-2048x1365.jpg 2048w, http:\/\/www.leppaluodonvenekerho.fi\/wp-content\/uploads\/2024\/01\/pexels-pixabay-275637-700x467.jpg 700w\" sizes=\"(max-width: 2560px) 100vw, 2560px\" \/>\t\t\t\t\t\t\t\t\t\t\t\t\t\t\t<\/div>\n\t\t\t\t<\/div>\n\t\t\t\t\t<\/div>\n\t\t<\/div>\n\t\t\t\t<div class=\"elementor-column elementor-col-50 elementor-inner-column elementor-element elementor-element-aa9fb61\" data-id=\"aa9fb61\" data-element_type=\"column\">\n\t\t\t<div class=\"elementor-widget-wrap elementor-element-populated\">\n\t\t\t\t\t\t<div class=\"elementor-element elementor-element-cc76175 elementor-invisible elementor-widget elementor-widget-heading\" data-id=\"cc76175\" data-element_type=\"widget\" data-settings=\"{&quot;_animation&quot;:&quot;fadeInLeft&quot;}\" data-widget_type=\"heading.default\">\n\t\t\t\t<div class=\"elementor-widget-container\">\n\t\t\t\t\t<h3 class=\"elementor-heading-title elementor-size-default\">Tutustu kerhon j\u00e4senyyteen ja s\u00e4\u00e4nt\u00f6ihin.<\/h3>\t\t\t\t<\/div>\n\t\t\t\t<\/div>\n\t\t\t\t\t<\/div>\n\t\t<\/div>\n\t\t\t\t\t<\/div>\n\t\t<\/section>\n\t\t\t\t<section class=\"elementor-section elementor-inner-section elementor-element elementor-element-c550d55 elementor-section-full_width elementor-section-height-default elementor-section-height-default parallax_section_no qode_elementor_container_no\" data-id=\"c550d55\" data-element_type=\"section\">\n\t\t\t\t\t\t<div class=\"elementor-container elementor-column-gap-default\">\n\t\t\t\t\t<div class=\"elementor-column elementor-col-50 elementor-inner-column elementor-element elementor-element-bf73bd2\" data-id=\"bf73bd2\" data-element_type=\"column\">\n\t\t\t<div class=\"elementor-widget-wrap elementor-element-populated\">\n\t\t\t\t\t\t<div class=\"elementor-element elementor-element-27627d3 elementor-widget elementor-widget-image\" data-id=\"27627d3\" data-element_type=\"widget\" data-widget_type=\"image.default\">\n\t\t\t\t<div class=\"elementor-widget-container\">\n\t\t\t\t\t\t\t\t\t\t\t\t\t\t\t<img decoding=\"async\" width=\"2560\" height=\"1919\" src=\"http:\/\/www.leppaluodonvenekerho.fi\/wp-content\/uploads\/2024\/01\/pexels-flo-dahm-2420412-scaled.jpg\" class=\"attachment-full size-full wp-image-751\" alt=\"\" srcset=\"http:\/\/www.leppaluodonvenekerho.fi\/wp-content\/uploads\/2024\/01\/pexels-flo-dahm-2420412-scaled.jpg 2560w, http:\/\/www.leppaluodonvenekerho.fi\/wp-content\/uploads\/2024\/01\/pexels-flo-dahm-2420412-300x225.jpg 300w, http:\/\/www.leppaluodonvenekerho.fi\/wp-content\/uploads\/2024\/01\/pexels-flo-dahm-2420412-1024x767.jpg 1024w, http:\/\/www.leppaluodonvenekerho.fi\/wp-content\/uploads\/2024\/01\/pexels-flo-dahm-2420412-768x576.jpg 768w, http:\/\/www.leppaluodonvenekerho.fi\/wp-content\/uploads\/2024\/01\/pexels-flo-dahm-2420412-1536x1151.jpg 1536w, http:\/\/www.leppaluodonvenekerho.fi\/wp-content\/uploads\/2024\/01\/pexels-flo-dahm-2420412-2048x1535.jpg 2048w, http:\/\/www.leppaluodonvenekerho.fi\/wp-content\/uploads\/2024\/01\/pexels-flo-dahm-2420412-800x600.jpg 800w, http:\/\/www.leppaluodonvenekerho.fi\/wp-content\/uploads\/2024\/01\/pexels-flo-dahm-2420412-700x525.jpg 700w\" sizes=\"(max-width: 2560px) 100vw, 2560px\" \/>\t\t\t\t\t\t\t\t\t\t\t\t\t\t\t<\/div>\n\t\t\t\t<\/div>\n\t\t\t\t\t<\/div>\n\t\t<\/div>\n\t\t\t\t<div class=\"elementor-column elementor-col-50 elementor-inner-column elementor-element elementor-element-1350615\" data-id=\"1350615\" data-element_type=\"column\">\n\t\t\t<div class=\"elementor-widget-wrap elementor-element-populated\">\n\t\t\t\t<div class=\"elementor-element elementor-element-ef283f2 e-flex e-con-boxed parallax_section_no qode_elementor_container_no e-con e-parent\" data-id=\"ef283f2\" data-element_type=\"container\">\n\t\t\t\t\t<div class=\"e-con-inner\">\n\t\t\t\t<div class=\"elementor-element elementor-element-53a4fc0 elementor-widget elementor-widget-text-editor\" data-id=\"53a4fc0\" data-element_type=\"widget\" data-widget_type=\"text-editor.default\">\n\t\t\t\t<div class=\"elementor-widget-container\">\n\t\t\t\t\t\t\t\t\t<p><strong>J\u00c4RJESTYSS\u00c4\u00c4NN\u00d6T 2024<\/strong><\/p><p>J\u00e4rjestyss\u00e4\u00e4nt\u00f6j\u00e4 muutetaan tarvittaessa hallituksen ja \/ tai yhdistyksen kokousten<\/p><p>p\u00e4\u00e4t\u00f6ksien mukaisesti.<\/p><p>VENEET JA VENEPAIKAT<\/p><p>Satamassa ja telakalla on voimassa katsastuspakko rekister\u00f6idyille veneille. Katsastus tulee suorittaa vuosittain kes\u00e4kuun loppuun menness\u00e4.<\/p><p>Kerho pyrkii j\u00e4rjest\u00e4m\u00e4\u00e4n jokaiselle j\u00e4senelleen venepaikan.<\/p><p>Oikeus yhteen venepaikkaan s\u00e4ilyy vuosittain,edellytt\u00e4en, ett\u00e4 kaikki kerhon<\/p><p>m\u00e4\u00e4r\u00e4\u00e4m\u00e4t maksut on suoritettu er\u00e4p\u00e4iv\u00e4\u00e4n menness\u00e4.<\/p><p>Kerhon j\u00e4sen ei saa<\/p><p>luovuttaa venepaikkaa tai kerhon avainta kerhon ulkopuoliselle henkil\u00f6lle.<\/p><p>Kuitatut avaimet ovat henkil\u00f6kohtaisia, niit\u00e4 ei saa vaihtaa kesken\u00e4\u00e4n.<\/p><p>Yhteisomistuksessa olevien veneiden kaikkien omistajien<\/p><p>on maksettava kerhon j\u00e4senmaksu.<\/p><p>Yhden \u201dkimppaveneen\u201d j\u00e4senen on maksettava liittymismaksu. Pelkk\u00e4<\/p><p>j\u00e4senmaksu ei oikeuta omaan venepaikkaan.<\/p><p>Kerholainen on velvollinen muuttamaan, satamakapteenin pyynn\u00f6st\u00e4 venepaikkaa,<\/p><p>laituris\u00e4\u00e4nn\u00f6n niin vaatiessa. Kerhon alueella olevat veneet on voitava tunnistaa joko<\/p><p>nimest\u00e4, tai rekisterinumerosta ja merkitt\u00e4v\u00e4 kerhon tarralla.<\/p><p>Kerhon alueella olevista veneist\u00e4 on oltava veneen ja omistajan tiedot kerholla<\/p><p>ja niist\u00e4 on t\u00e4ytett\u00e4v\u00e4 j\u00e4sen ja venetieto lomake, joka on toimitettava<\/p><p>satamakapteenille.<\/p><p>J\u00e4sen on velvollinen ilmoittamaan osoite, puhelinnumero, s-posti ja venetieto<\/p><p>muutoksista venetietolomakkeella.<\/p><p>Veneiden tulee olla 0,40cm kapeampia kuin paikka 3,0m, 3,5m, 4,0m, 4,5m ja 5,0m<\/p><p>leveill\u00e4 paikoilla ja<\/p><p>0,20cm kapeampia 2,0 ja 2,5m leveill\u00e4 paikoilla.<\/p>\t\t\t\t\t\t\t\t<\/div>\n\t\t\t\t<\/div>\n\t\t\t\t\t<\/div>\n\t\t\t\t<\/div>\n\t\t\t\t\t<\/div>\n\t\t<\/div>\n\t\t\t\t\t<\/div>\n\t\t<\/section>\n\t\t<div class=\"elementor-element elementor-element-1f59a50 e-flex e-con-boxed parallax_section_no qode_elementor_container_no e-con e-parent\" data-id=\"1f59a50\" data-element_type=\"container\">\n\t\t\t\t\t<div class=\"e-con-inner\">\n\t\t\t\t<div class=\"elementor-element elementor-element-0f5cb3b elementor-widget elementor-widget-text-editor\" data-id=\"0f5cb3b\" data-element_type=\"widget\" data-widget_type=\"text-editor.default\">\n\t\t\t\t<div class=\"elementor-widget-container\">\n\t\t\t\t\t\t\t\t\t<p>VAKUUTUKSET<\/p><p>Kerhon laitureissa ja telakontialueella olevilla rekister\u00f6idyill\u00e4 veneill\u00e4 pit\u00e4\u00e4 olla<\/p><p>vastuuvakuutus<\/p><p>KERHOSTA EROTTAMINEN<\/p><p>J\u00e4sen voidaan irtisanoa kerhosta, jos h\u00e4n ei muuta toimintaansa kahden kirjallisen<\/p><p>varoituksen j\u00e4lkeen. Erottamisp\u00e4\u00e4t\u00f6s vaatii hallituksen yksimielisen kannan. J\u00e4sen<\/p><p>voi kiist\u00e4\u00e4 irtisanomisen ja vied\u00e4 irtisanomisp\u00e4\u00e4t\u00f6ksen j\u00e4senkokouksen p\u00e4\u00e4tett\u00e4v\u00e4ksi.<\/p><p>TALKOOT JA TALKOOVELVOITE<\/p><p>Kerhon j\u00e4senilt\u00e4 ei edellytet\u00e4 talkoovelvoitetta. Talkoita kuitenkin j\u00e4rjestet\u00e4\u00e4n ja<\/p><p>talkoot kutsuu kokoon<\/p><p>kerhon hallitus.<\/p><p>HALLITUKSEN HANKINNAT<\/p><p>Hallituksella on valtuudet 5000\u20ac kerta hankintoihin, joka vuosikokous on p\u00e4\u00e4tt\u00e4nyt.<\/p><p>\u00a0<\/p><p>VENEIDEN TALVIS\u00c4ILYTYS, J\u00c4TTEET, VENEPUKIT JA TRAILERIT<\/p><p>Veneiden s\u00e4ilytt\u00e4minen laiturissa j\u00e4iss\u00e4 on kielletty\u00e4.<\/p><p>Kerhon talvis\u00e4ilytysalueella olevat veneet on voitava tunnistaa. Veneen<\/p><p>laituripaikkanumero, ja j\u00e4senen<\/p><p>nimi on oltava n\u00e4ht\u00e4vill\u00e4 koko talven ajan, tai se on laitettava erikseen n\u00e4kyv\u00e4lle<\/p><p>paikalle. Veneist\u00e4 on my\u00f6s<\/p><p>t\u00e4ytett\u00e4v\u00e4 talvis\u00e4ilytysilmoitus, joka on toimitettava telakkamestarille.<\/p><p>LAITURIALUE<\/p><p>Laiturialueella ei saa k\u00e4ytt\u00e4yty\u00e4 muita h\u00e4iritsev\u00e4sti. Veneet tulee kiinnitt\u00e4\u00e4 niin, ett\u00e4<\/p><p>kiinnitysk\u00f6ysiss\u00e4 on<\/p><p>joustimet. Laiturialueen portit tulee pit\u00e4\u00e4 suljettuina. Laitureilla ja kerhokopin<\/p><p>seinustoilla ei saa s\u00e4ilytt\u00e4\u00e4<\/p><p>ylim\u00e4\u00e4r\u00e4isi\u00e4 tavaroita. Kerhom\u00f6kki\u00e4 k\u00e4ytett\u00e4ess\u00e4 j\u00e4tet\u00e4\u00e4n tilat siistiin kuntoon<\/p><p>seuraavalle k\u00e4ytt\u00e4j\u00e4lle.<\/p><p>Kalojen perkaaminen laitureilla ei ole sallittua.<\/p>\t\t\t\t\t\t\t\t<\/div>\n\t\t\t\t<\/div>\n\t\t\t\t\t<\/div>\n\t\t\t\t<\/div>\n\t\t\t\t<section class=\"elementor-section elementor-inner-section elementor-element elementor-element-0a847af elementor-section-full_width elementor-section-height-default elementor-section-height-default parallax_section_no qode_elementor_container_no\" data-id=\"0a847af\" data-element_type=\"section\">\n\t\t\t\t\t\t<div class=\"elementor-container elementor-column-gap-default\">\n\t\t\t\t\t<div class=\"elementor-column elementor-col-50 elementor-inner-column elementor-element elementor-element-b10ed74\" data-id=\"b10ed74\" data-element_type=\"column\">\n\t\t\t<div class=\"elementor-widget-wrap elementor-element-populated\">\n\t\t\t\t\t\t<div class=\"elementor-element elementor-element-9977824 elementor-widget elementor-widget-image\" data-id=\"9977824\" data-element_type=\"widget\" data-widget_type=\"image.default\">\n\t\t\t\t<div class=\"elementor-widget-container\">\n\t\t\t\t\t\t\t\t\t\t\t\t\t\t\t<img decoding=\"async\" width=\"2560\" height=\"1707\" src=\"http:\/\/www.leppaluodonvenekerho.fi\/wp-content\/uploads\/2024\/01\/pexels-nubia-navarro-nubikini-386020-scaled.jpg\" class=\"attachment-full size-full wp-image-750\" alt=\"\" srcset=\"http:\/\/www.leppaluodonvenekerho.fi\/wp-content\/uploads\/2024\/01\/pexels-nubia-navarro-nubikini-386020-scaled.jpg 2560w, http:\/\/www.leppaluodonvenekerho.fi\/wp-content\/uploads\/2024\/01\/pexels-nubia-navarro-nubikini-386020-300x200.jpg 300w, http:\/\/www.leppaluodonvenekerho.fi\/wp-content\/uploads\/2024\/01\/pexels-nubia-navarro-nubikini-386020-1024x683.jpg 1024w, http:\/\/www.leppaluodonvenekerho.fi\/wp-content\/uploads\/2024\/01\/pexels-nubia-navarro-nubikini-386020-768x512.jpg 768w, http:\/\/www.leppaluodonvenekerho.fi\/wp-content\/uploads\/2024\/01\/pexels-nubia-navarro-nubikini-386020-1536x1024.jpg 1536w, http:\/\/www.leppaluodonvenekerho.fi\/wp-content\/uploads\/2024\/01\/pexels-nubia-navarro-nubikini-386020-2048x1365.jpg 2048w, http:\/\/www.leppaluodonvenekerho.fi\/wp-content\/uploads\/2024\/01\/pexels-nubia-navarro-nubikini-386020-700x467.jpg 700w\" sizes=\"(max-width: 2560px) 100vw, 2560px\" \/>\t\t\t\t\t\t\t\t\t\t\t\t\t\t\t<\/div>\n\t\t\t\t<\/div>\n\t\t\t\t\t<\/div>\n\t\t<\/div>\n\t\t\t\t<div class=\"elementor-column elementor-col-50 elementor-inner-column elementor-element elementor-element-56075ef\" data-id=\"56075ef\" data-element_type=\"column\">\n\t\t\t<div class=\"elementor-widget-wrap elementor-element-populated\">\n\t\t\t\t\t\t<div class=\"elementor-element elementor-element-d0c2f8d elementor-widget elementor-widget-text-editor\" data-id=\"d0c2f8d\" data-element_type=\"widget\" data-widget_type=\"text-editor.default\">\n\t\t\t\t<div class=\"elementor-widget-container\">\n\t\t\t\t\t\t\t\t\t<p><strong>Yhdistyksen s\u00e4\u00e4nn\u00f6t<\/strong><\/p><p>1\u00a7 Nimi ja kotipaikka<\/p><p>Yhdistyksen nimi on Lepp\u00e4luodon Venekerho Ry ja sen kotipaikka on Helsinki.<\/p><p>2\u00a7 Yhdistyksen tarkoitus<\/p><p>Yhdistyksen tarkoituksena on luoda edellytyksi\u00e4 ja edist\u00e4\u00e4 j\u00e4senten veneilyn<\/p><p>harrastamista sek\u00e4 vesill\u00e4 liikkumisen tuntemusta j\u00e4rjest\u00e4m\u00e4ll\u00e4 kilpailuja ja<\/p><p>toimeenpanemalla kursseja sek\u00e4 kehitt\u00e4m\u00e4ll\u00e4 yhteistoimintaa muiden saman alan<\/p><p>j\u00e4rjest\u00f6jen kanssa ja harjoittamalla muutakin vastaavanlaista veneilyyn liittyv\u00e4\u00e4<\/p><p>toimintaa.<\/p><p>Yhdistys yll\u00e4pit\u00e4\u00e4 j\u00e4senille tarkoitettua venesatama- ja telakointitoimintaa.<\/p><p>Yhdistys voi liitty\u00e4 j\u00e4seneksi muihin alan j\u00e4rjest\u00f6ihin.<\/p><p>3\u00a7 J\u00e4senyys<\/p><p>Yhdistyksen j\u00e4seneksi voi anoa t\u00e4ytt\u00e4m\u00e4ll\u00e4 yhdistyksen kotisivuilla olevan<\/p><p>hakemuskaavakkeen tai l\u00e4hett\u00e4m\u00e4ll\u00e4 vastaavan kaavakkeen yhdistykselle.<\/p><p>J\u00e4senyyden hyv\u00e4ksyy yhdistyksen hallitus.<\/p><p>Hallitus pit\u00e4\u00e4 j\u00e4senluetteloa, josta ilmenee j\u00e4senen nimi, numero, osoite ja<\/p><p>puhelinnumero. J\u00e4senen katsotaan eronneen kerhosta, mik\u00e4li h\u00e4n ei ole maksanut<\/p><p>j\u00e4senmaksua er\u00e4p\u00e4iv\u00e4\u00e4n menness\u00e4, tai saanut maksuun lykk\u00e4yst\u00e4 rahastonhoitajalta.<\/p><p>Yhdistyksell\u00e4 voi olla my\u00f6s kunniaj\u00e4sen, jonka yleinen kokous nimitt\u00e4\u00e4, hallituksen<\/p><p>esityksest\u00e4<\/p><p>Yhdistyksen j\u00e4senyytt\u00e4 ei voi siirt\u00e4\u00e4 toiselle henkil\u00f6lle.<\/p><p>Yhdistyksen j\u00e4sen voi antaa valtakirjan yhdistyksen toiselle j\u00e4senelle, jolla t\u00e4m\u00e4 voi<\/p><p>edustaa h\u00e4nt\u00e4 yhdistyksen kokouksessa. Yhdell\u00e4 j\u00e4senell\u00e4 voi olla enint\u00e4\u00e4n yksi<\/p><p>h\u00e4nelle osoitettu valtakirja. Valtakirja tulee olla p\u00e4iv\u00e4ttyn\u00e4 kokouskutsun j\u00e4lkeiselle<\/p><p>p\u00e4iv\u00e4m\u00e4\u00e4r\u00e4lle.<\/p><p>4\u00a7 Maksut<\/p><p>Yhdistyksen j\u00e4senilt\u00e4 perit\u00e4\u00e4n liittymis- ja j\u00e4senmaksu vuosikokous p\u00e4\u00e4t\u00f6ksen<\/p><p>mukaisesti. Lis\u00e4ksi vuosikokous m\u00e4\u00e4r\u00e4\u00e4 laituri- ja talvis\u00e4ilytysmaksut niilt\u00e4 j\u00e4senilt\u00e4<\/p><p>jotka k\u00e4ytt\u00e4v\u00e4t kyseisi\u00e4 palveluja.<\/p><p>Yhteisomistuksessa olevan veneen yksi osakas maksaa liittymis- ja j\u00e4senmaksun,<\/p><p>muut osakkaat maksavat kerhon j\u00e4senmaksun, joka ei oikeuta omaan venepaikkaan.<\/p><p>Samaan ruokakuntaan kuuluvilta j\u00e4senen lapsilta tai vanhemmilta peritt\u00e4v\u00e4<\/p><p>liittymismaksu, on 20% kulloinkin voimassa olevasta liittymismaksusta.<\/p><p>Kunniaj\u00e4senelt\u00e4 ei perit\u00e4 laituripaikka-, talvis\u00e4ilytys- ja j\u00e4senmaksuja.<\/p>\t\t\t\t\t\t\t\t<\/div>\n\t\t\t\t<\/div>\n\t\t\t\t\t<\/div>\n\t\t<\/div>\n\t\t\t\t\t<\/div>\n\t\t<\/section>\n\t\t<div class=\"elementor-element elementor-element-f4affb5 e-flex e-con-boxed parallax_section_no qode_elementor_container_no e-con e-parent\" data-id=\"f4affb5\" data-element_type=\"container\">\n\t\t\t\t\t<div class=\"e-con-inner\">\n\t\t\t\t<div class=\"elementor-element elementor-element-2f7baea elementor-widget elementor-widget-text-editor\" data-id=\"2f7baea\" data-element_type=\"widget\" data-widget_type=\"text-editor.default\">\n\t\t\t\t<div class=\"elementor-widget-container\">\n\t\t\t\t\t\t\t\t\t<p>5\u00a7 Hallitus<\/p><p>Hallitus valmistelee vuosikokouksen esitysmateriaalin. Vuosikokous valitsee<\/p><p>puheenjohtajan, sihteerin, satamakapteenin, rahastonhoitajan ja telakkamestarin, sek\u00e4<\/p><p>tarvittaessa muita j\u00e4seni\u00e4 m\u00e4\u00e4r\u00e4ttyihin erityisteht\u00e4viin.<\/p><p>Hallitus valitsee keskuudestaan varapuheenjohtajan.<\/p><p>Hallitus on p\u00e4\u00e4t\u00e4nt\u00e4valtainen, kun kolme johtokunnan j\u00e4sent\u00e4 on paikalla.<\/p><p>Hallituksen j\u00e4senten toimikausi on 2 vuotta<\/p><p>Hallituksen j\u00e4sen m\u00e4\u00e4r\u00e4 5-8 henkil\u00f6\u00e4.<\/p><p>Puolet hallituksen j\u00e4senist\u00e4 on vuosittain erovuorossa.<\/p><p>Puheenjohtaja ja sihteeri ovat vuorovuosittain erovuorossa.<\/p><p>Vuosikokous p\u00e4\u00e4tt\u00e4\u00e4 enimm\u00e4is-raham\u00e4\u00e4r\u00e4n mink\u00e4 hallitus voi k\u00e4ytt\u00e4\u00e4 kerta<\/p><p>hankintoihin.<\/p><p>6\u00a7 Nimenkirjoitus<\/p><p>Yhdistyksen nimen kirjoittavat puheenjohtaja yhdess\u00e4 hallituksen j\u00e4senen kanssa.<\/p><p>7\u00a7 Venepaikat<\/p><p>Yhdistys pyrkii j\u00e4rjest\u00e4m\u00e4\u00e4n kaikille j\u00e4senilleen laituri-ja talvis\u00e4ilytyspaikan. Vapaat<\/p><p>paikat jaetaan jonotusj\u00e4rjestyksen perusteella.<\/p><p>J\u00e4senen oikeus kerhon laituri-ja talvis\u00e4ilytyspaikkaan on jatkuva vuosittain, mik\u00e4li<\/p><p>h\u00e4n on maksanut vuosikokouksen m\u00e4\u00e4r\u00e4\u00e4m\u00e4n laituri- ja venepaikkamaksun<\/p><p>er\u00e4p\u00e4iv\u00e4\u00e4n menness\u00e4, tai on pyyt\u00e4nyt maksun lykk\u00e4yst\u00e4 rahastonhoitajalta.<\/p><p>J\u00e4sen on velvollinen vaihtamaan venepaikkansa sijainnin laiturij\u00e4rjestyksen niin<\/p><p>vaatiessa.<\/p><p>J\u00e4senyys oikeuttaa vain yhteen venepaikkaan. Ei koske jollapaikkaa.<\/p><p>Kerhon laitureissa ja telakontialueella olevilla rekister\u00f6idyill\u00e4 veneill\u00e4 pit\u00e4\u00e4 olla<\/p><p>vastuuvakuutus.<\/p><p>8\u00a7 Tilikausi<\/p><p>Yhdistyksen tilikausi on kalenterivuosi.<\/p><p>9\u00a7 Yhdistyksen kokoon kutsuminen<\/p><p>Yhdistyksen kokouksen kutsuu koolle hallitus. Kokouskutsu, joka sis\u00e4lt\u00e4\u00e4 esityslistan<\/p><p>liitteineen, asetetaan v\u00e4hint\u00e4\u00e4n seitsem\u00e4n ja enint\u00e4\u00e4n kolmekymment\u00e4 p\u00e4iv\u00e4\u00e4 ennen<\/p><p>kokousta yhdistyksen kerhohuoneen ilmoitustaululle ja venekerhon kotisivuille.<\/p><p>Ylim\u00e4\u00e4r\u00e4inen j\u00e4senkokous voidaan kutsua koolle jos 10% j\u00e4senist\u00f6st\u00e4 niin haluaa.<\/p><p>\u00a0<\/p><p>10\u00a7 Vuosikokous<\/p><p>Yhdistyksen vuosikokous pidet\u00e4\u00e4n maaliskuun loppuun menness\u00e4 ja siin\u00e4 k\u00e4sitell\u00e4\u00e4n<\/p><p>seuraavat asiat:<\/p><p>\u2022valitaan kokoukselle puheenjohtaja ja sihteeri<\/p><p>\u2022todetaan kokouksen laillisuus ja p\u00e4\u00e4t\u00f6svaltaisuus<\/p><p>\u2022hyv\u00e4ksyt\u00e4\u00e4n kokouksen ty\u00f6j\u00e4rjestys<\/p><p>\u2022valitaan kaksi p\u00f6yt\u00e4kirjan tarkastajia ja \u00e4\u00e4ntenlaskijaa<\/p><p>\u2022k\u00e4sitell\u00e4\u00e4n toiminta-ja tilikertomukset, p\u00e4\u00e4tet\u00e4\u00e4n tilinp\u00e4\u00e4t\u00f6ksen vahvistamisesta ja<\/p><p>tili- ja vastuuvapauden my\u00f6nt\u00e4misest\u00e4 tilivelvollisille<\/p><p>\u2022k\u00e4sitell\u00e4\u00e4n toimintakertomus<\/p><p>\u2022vahvistetaan alkavan vuoden toimintasuunnitelma<\/p><p>\u2022vahvistetaan talousarvio alkavalle vuodelle<\/p><p>\u2022p\u00e4\u00e4tet\u00e4\u00e4n hallituksen palkkioista<\/p><p>\u2022p\u00e4\u00e4tet\u00e4\u00e4n yhdistyksen j\u00e4senten maksuista 4\u00a7:n mukaisesti seuraavalle<\/p><p>toimintavuodelle<\/p><p>\u2022valitaan j\u00e4senet yhdistyksen hallitukseen seuraavalle vuodelle saantojen 5\u00a7:n<\/p><p>mukaisesti<\/p><p>\u2022valitaan toiminnantarkastaja ja toiminnantarkastajalle varamies<\/p><p>\u2022k\u00e4sitell\u00e4\u00e4n muut kokouksen ty\u00f6j\u00e4rjestyksess\u00e4 mainitut asiat<\/p><p>11\u00a7 Muutokset<\/p><p>S\u00e4\u00e4nt\u00f6jen muuttamisesta ja yhdistyksen purkautumisesta on teht\u00e4v\u00e4 p\u00e4\u00e4t\u00f6s yhdess\u00e4<\/p><p>yhdistyksen kokouksessa. P\u00e4\u00e4t\u00f6ksen p\u00e4tevyyteen vaaditaan v\u00e4hint\u00e4\u00e4n 3\/4 kaikista<\/p><p>annetuista \u00e4\u00e4nist\u00e4. Yhdistyksen purkautuessa j\u00e4ljelle j\u00e4\u00e4neet yhdistyksen varat<\/p><p>k\u00e4ytet\u00e4\u00e4n viimeisen kokouksen p\u00e4\u00e4t\u00f6ksen mukaisesti veneilyn edist\u00e4miseksi.<\/p>\t\t\t\t\t\t\t\t<\/div>\n\t\t\t\t<\/div>\n\t\t\t\t\t<\/div>\n\t\t\t\t<\/div>\n\t\t\t\t<div class=\"elementor-element elementor-element-2a92cac elementor-widget elementor-widget-spacer\" data-id=\"2a92cac\" data-element_type=\"widget\" data-widget_type=\"spacer.default\">\n\t\t\t\t<div class=\"elementor-widget-container\">\n\t\t\t\t\t\t\t<div class=\"elementor-spacer\">\n\t\t\t<div class=\"elementor-spacer-inner\"><\/div>\n\t\t<\/div>\n\t\t\t\t\t\t<\/div>\n\t\t\t\t<\/div>\n\t\t\t\t\t<\/div>\n\t\t<\/div>\n\t\t\t\t\t<\/div>\n\t\t<\/section>\n\t\t<div class=\"elementor-element elementor-element-c9a08a7 e-flex e-con-boxed parallax_section_no qode_elementor_container_no e-con e-parent\" data-id=\"c9a08a7\" data-element_type=\"container\">\n\t\t\t\t\t<div class=\"e-con-inner\">\n\t\t\t\t<div class=\"elementor-element elementor-element-81511db elementor-widget elementor-widget-text-editor\" data-id=\"81511db\" data-element_type=\"widget\" data-widget_type=\"text-editor.default\">\n\t\t\t\t<div class=\"elementor-widget-container\">\n\t\t\t\t\t\t\t\t\t<p>Telakointis\u00e4\u00e4nn\u00f6t&nbsp;<\/p>\n<p style=\"color: #000000; font-family: 'Times New Roman'; font-size: medium;\">Veneen laituripaikkanumero ja omistajan nimi on oltava n\u00e4ht\u00e4vill\u00e4 koko talven ajan. Mik\u00e4li venett\u00e4 ei voida tunnistaa, poistetaan se omistajan kustannuksella kaupungin toimesta kaupungin varikolle, mist\u00e4 omistaja voi noutaa sen korvaamalla siirtokustannukset.<\/p>\n<p style=\"color: #000000; font-family: 'Times New Roman'; font-size: medium;\">Talvis\u00e4ilytysmaksu on 7 \u20ac\/m2 veneen mittojen mukaan laskettuna. Kuitenkin v\u00e4hint\u00e4\u00e4n 60 \u20ac.<\/p>\n<p style=\"color: #000000; font-family: 'Times New Roman'; font-size: medium;\">Jos vene on trailerilla, niin laskutetaan trailerin mittojen mukaan, venett\u00e4 suuremmat katokset nostavat my\u00f6s laskutettavaa m\u00e4\u00e4r\u00e4\u00e4.<\/p>\n<p style=\"color: #000000; font-family: 'Times New Roman'; font-size: medium;\">Veneiden v\u00e4li saa olla pienill\u00e4 veneill\u00e4 maksimissaan 0,5 m ja suurilla 1 metri. Jos veneiden v\u00e4li on suurempi niin kerho laskuttaa koko k\u00e4ytetyst\u00e4 tilasta.<\/p>\n<p style=\"color: #000000; font-family: 'Times New Roman'; font-size: medium;\">Veneen omistaja on velvollinen siivoamaan omat roskansa ennen veneiden yhteislaskup\u00e4iv\u00e4\u00e4. ongelmaj\u00e4tett\u00e4 EI SAA j\u00e4tt\u00e4\u00e4 satama alueella sijaitsevaan roskikseen.<\/p>\n<p style=\"color: #000000; font-family: 'Times New Roman'; font-size: medium;\">\n<\/p><p style=\"color: #000000; font-family: 'Times New Roman'; font-size: medium;\">Veneet on nostettava kerhon yhteisnostossa ja laskettava kev\u00e4\u00e4ll\u00e4 veteen yhteislaskussa. Jos veneenomistaja t\u00e4st\u00e4 aikataulusta poikkeaa, on h\u00e4n velvollinen ilmoittamaan t\u00e4st\u00e4 telakkamestarille ennakkoon. Jos vene nostetaan yhteisnoston j\u00e4lkeen, on se viimeist\u00e4\u00e4n kev\u00e4\u00e4ll\u00e4 laskettava yhteislaskussa. Mik\u00e4li venett\u00e4 joudutaan t\u00e4st\u00e4 syyst\u00e4 siirt\u00e4m\u00e4\u00e4n kev\u00e4\u00e4ll\u00e4, veloittaa kerho siirron hinnan veneen omistajalta ja omistajan tai h\u00e4nen edustajansa on oltava mukana veneen siirrossa.<\/p>\n<p style=\"color: #000000; font-family: 'Times New Roman'; font-size: medium;\">\n<\/p><p style=\"color: #000000; font-family: 'Times New Roman'; font-size: medium;\">Jos j\u00e4sen rikkoo talvis\u00e4ilytys paikan s\u00e4\u00e4nt\u00f6j\u00e4, on seuran hallituksella mahdollisuus hyl\u00e4t\u00e4 j\u00e4senen seuraavan vuoden oikeus talvis\u00e4ilytykseen.<\/p>\t\t\t\t\t\t\t\t<\/div>\n\t\t\t\t<\/div>\n\t\t\t\t\t<\/div>\n\t\t\t\t<\/div>\n\t\t\t\t<\/div>\n\t\t","protected":false},"excerpt":{"rendered":"<p>Tutustu kerhon j\u00e4senyyteen ja s\u00e4\u00e4nt\u00f6ihin. J\u00c4RJESTYSS\u00c4\u00c4NN\u00d6T 2024 J\u00e4rjestyss\u00e4\u00e4nt\u00f6j\u00e4 muutetaan tarvittaessa hallituksen ja \/ tai yhdistyksen kokousten p\u00e4\u00e4t\u00f6ksien&#8230;<\/p>\n","protected":false},"author":1,"featured_media":0,"parent":0,"menu_order":0,"comment_status":"closed","ping_status":"closed","template":"full_width.php","meta":{"footnotes":""},"_links":{"self":[{"href":"http:\/\/www.leppaluodonvenekerho.fi\/index.php\/wp-json\/wp\/v2\/pages\/486"}],"collection":[{"href":"http:\/\/www.leppaluodonvenekerho.fi\/index.php\/wp-json\/wp\/v2\/pages"}],"about":[{"href":"http:\/\/www.leppaluodonvenekerho.fi\/index.php\/wp-json\/wp\/v2\/types\/page"}],"author":[{"embeddable":true,"href":"http:\/\/www.leppaluodonvenekerho.fi\/index.php\/wp-json\/wp\/v2\/users\/1"}],"replies":[{"embeddable":true,"href":"http:\/\/www.leppaluodonvenekerho.fi\/index.php\/wp-json\/wp\/v2\/comments?post=486"}],"version-history":[{"count":34,"href":"http:\/\/www.leppaluodonvenekerho.fi\/index.php\/wp-json\/wp\/v2\/pages\/486\/revisions"}],"predecessor-version":[{"id":1060,"href":"http:\/\/www.leppaluodonvenekerho.fi\/index.php\/wp-json\/wp\/v2\/pages\/486\/revisions\/1060"}],"wp:attachment":[{"href":"http:\/\/www.leppaluodonvenekerho.fi\/index.php\/wp-json\/wp\/v2\/media?parent=486"}],"curies":[{"name":"wp","href":"https:\/\/api.w.org\/{rel}","templated":true}]}}